hat is the remainder when 2 - (-14 + 0/(-2)) is divided by t?
7
Let t = -39 + 42. Calculate the remainder when 7 is divided by t.
1
Suppose 4*n = 2*h + 222, h - 2*h = 4*n - 219. Let y = -17 - -36. What is the remainder when n is divided by y?
17
Let u be (-312)/40 - 2/10. Let x = -6 - u. Suppose -3*z = x*z - 95. Calculate the remainder when 55 is divided by z.
17
Suppose s - 4*r = 30, 0 = 2*s - 3*s + 2*r + 24. Let y(q) = 18*q - 21. Calculate the remainder when y(5) is divided by s.
15
Suppose -39 = -5*t + 26. Calculate the remainder when t is divided by 8.
5
Let w(z) = -z. Let r be w(-2). Suppose -3*b + 57 = 3*l + r*l, -2*l - 3*b + 21 = 0. Calculate the remainder when l is divided by 5.
2
Let w(m) = -m**3 + 10*m**2 - 13*m - 14. Let b = -18 - -54. Calculate the remainder when b is divided by w(8).
6
Let m be (-21)/2 - 7/(-14). Let t = m - -12. Calculate the remainder when ((-12)/(-10))/(3/10) is divided by t.
0
Let z = 68 - -7. What is the remainder when z is divided by 19?
18
Let v(f) = 3*f**2 + f - 4. Calculate the remainder when 102 is divided by v(3).
24
Let x(h) = 3*h**2 - h. Suppose -j + 140 = a, -2*j = 2*j - 4. Suppose 3*s - 23 - a = 0. Calculate the remainder when s is divided by x(-2).
12
Let l(q) = q - 1. Calculate the remainder when (5 - 54/10)*(-20 - 0) is divided by l(6).
3
Suppose 2*l + 6 = 0, 2*l = -5*m + l + 212. What is the remainder when 126 is divided by m?
40
Let r(g) be the first derivative of -5*g**3/6 - g**2/2 - 3*g + 2. Let b(p) be the first derivative of r(p). What is the remainder when 54 is divided by b(-3)?
12
Let l(g) = -5*g**3 + g**2. Let t be l(1). What is the remainder when 49 is divided by 14 - (3/3 + t)?
15
Let t = -23 - -40. Calculate the remainder when ((-4)/10)/((-3)/375) is divided by t.
16
What is the remainder when 3 + (55 + 14)/(-1 + 2) is divided by 15?
12
Let q(x) = x**2. Let o be q(0). Suppose o*d - d - 5*z + 1 = 0, 3*d = -4*z + 36. What is the remainder when 47 is divided by d?
15
Let z be ((-2)/(8/20))/(-1). Suppose -4*p + 5*l = -173, 19 = -z*l - 6. Calculate the remainder when p is divided by 13.
11
Suppose 2*i - 6*i - 19 = -v, 2*v + 3*i - 5 = 0. What is the remainder when 51*(-12)/(-30) - 2/5 is divided by v?
6
Let f(u) = 2*u**2 + 3*u**2 - 8 + 5*u**2 - 8*u - 3*u**3 + 2*u**3. What is the remainder when 1 is divided by f(9)?
0
Let w = 0 - 2. Let l(s) = -s**3 + 2*s + 2. Let t be l(w). Let k(p) = p**2 - 5*p - 2. What is the remainder when 13 is divided by k(t)?
1
Let x = -79 + 83. What is the remainder when x is divided by 3?
1
Suppose -3*d - 154 = -10*d. Calculate the remainder when d is divided by 9.
4
Let i = 64 + -23. Suppose -59 = -5*j - 4. Calculate the remainder when i is divided by j.
8
Let b = 57 - 95. Let l = -15 - b. What is the remainder when l is divided by 210/(-55) - -4 - (-260)/22?
11
Let v = 18 + -12. Let j = 1 - -3. Calculate the remainder when v is divided by j.
2
Suppose 0 = 7*b - 4*b - 93. What is the remainder when 60 is divided by b?
29
Suppose 5*k - 3 = -4*n, 3*k = 5*n - 18 + 5. Let a(g) = -g**3 - 7*g**2 - 8*g - 8. What is the remainder when 2 - 4 - (-26)/n is divided by a(-6)?
3
What is the remainder when 105 is divided by 6/(-21) - (-955)/35?
24
Suppose -3*x + 29 = 2*x + 3*l, 2*x + 2*l = 10. What is the remainder when x is divided by 4?
3
What is the remainder when 30 is divided by 284/16 + 6/(-8)?
13
Let z = 71 - 197. Let l = -56 - z. What is the remainder when l is divided by 18?
16
Let m(q) = -q**2 - 10*q + 4. Let r be m(-10). Suppose -6 = -r*f + f. Calculate the remainder when 2 is divided by f.
0
Suppose -4*c = -125 - 183. Suppose 2*u - 18 = 22. What is the remainder when c is divided by u?
17
Let t = -2 - -6. Let x(a) = 2*a**2 + 2*a - 1. Let f = -10 + 12. What is the remainder when x(f) is divided by t?
3
Let r(l) = -l**3 + 15*l**2 + 36*l - 28. Let b(i) = 5*i**2 - i - 1. Calculate the remainder when r(17) is divided by b(-1).
1
Suppose g = 5*v - 24, -2*v + 0*g = -g - 12. Suppose 0 = -2*k, 0 = f - v*k - 4 - 10. What is the remainder when f is divided by 5?
4
Let d(l) = 4*l - 4. Let p be -3 + 0 + -1 + -1. Let f be -12*((-10)/(-6))/p. What is the remainder when 45 is divided by d(f)?
9
Let b(v) = v**3 + 7*v**2 - 10*v. Let o be b(-8). Let j(w) = w**2 + 14*w + 20. Let s be j(-12). Let i = o + s. What is the remainder when 46 is divided by i?
10
Let c(l) = 2*l**2 + l - 6. Let k be c(-6). Calculate the remainder when (1/(-2))/((-6)/k) is divided by 4.
1
Let j(y) = 6*y - 28. Calculate the remainder when j(17) is divided by 19.
17
Let s(x) = -8*x**2 - x - 1. Let w be s(-1). What is the remainder when ((-6)/w)/(2/40) is divided by 4?
3
Let h(w) = -6*w + 3. Let u be h(-4). Let n = -15 + u. Calculate the remainder when 46 is divided by n.
10
Suppose 2*z = z - 4*h + 2, -2*h = -z + 2. Suppose r - 21 = -5*v + 5*r, -5*v + z*r = -13. Suppose 0 = y + 2*y - 6. What is the remainder when y is divided by v?
0
Let l = -42 + 52. Calculate the remainder when 49 is divided by l.
9
Suppose -f + 4*f - 5 = o, 3*f = -2*o + 8. Let j(z) = -z**2 + 5*z + 5. Let w be 4/10 + 23/5. Calculate the remainder when j(w) is divided by f.
1
Let y(s) = 5*s + 6*s**2 + 2*s**2 - 3 - 2*s**2 + 0*s**2 + s**3. What is the remainder when 16 is divided by y(-4)?
7
What is the remainder when 183 - (4 - 2) - (0 - 3) is divided by 11?
8
Suppose s - 28 = -3*s. What is the remainder when 14 is divided by s?
0
Suppose -y + 65 = -3*j, y - 15 = -3*j + 26. What is the remainder when y is divided by 29?
24
Let f be (-2 - 14)*(-3)/6. Calculate the remainder when 11 is divided by -6*(f/(-6))/2.
3
Let z = -8 + 24. Suppose 0 = -l - l + z. Let q(s) = -s**3 - s**2 - s + 5. What is the remainder when l is divided by q(0)?
3
Let d = 0 - -2. Suppose 0 = d*c - i - i - 24, 5*i = 3*c - 40. Let p = c + -6. Calculate the remainder when p is divided by 3.
1
Let z(c) = c - 7. Let i be z(5). Let j be (-7 - 2)/(1 + i). What is the remainder when 12 is divided by j - (-1 + 6/2)?
5
What is the remainder when (90/(-4))/(3/(-4)) is divided by 50/6 - 3/9?
6
Suppose 0 = 5*m - 10. Suppose -m*q = -q - 8. What is the remainder when 29 is divided by q?
5
Suppose 0 = -0*d - 3*d. Let u be d*(9/6 - 1). Suppose 135 = -u*t + 5*t. Calculate the remainder when t is divided by 14.
13
Suppose 0 = 3*z + 19 - 70. What is the remainder when 66 is divided by z?
15
Let n(q) = 4 + 1 - 4*q + 12*q - 3. Suppose 0*g - 45 = -5*g. What is the remainder when n(3) is divided by g?
8
Suppose -u - 2 = -14. Let w = 60 - 14. Calculate the remainder when w is divided by u.
10
Let w(i) = -i**2 + 4*i - 3. Let v be w(5). Let f = 26 + v. Calculate the remainder when 35 is divided by f.
17
Suppose 2*v - 25 - 21 = 0. Let k = v - 13. What is the remainder when 30 is divided by 120/(-9)*(-12)/k?
14
Suppose -g = -3 - 1. Calculate the remainder when 4/(3/(-6)*-1) - 2 is divided by g.
2
Let w(i) = i**2 - 7*i - 2. What is the remainder when 21 is divided by w(8)?
3
Let x = -39 - -75. Calculate the remainder when x is divided by 13.
10
Let g(c) be the third derivative of -c**5/60 + c**4/6 + c**3/2 + c**2. Let v be g(5). Let n = 6 - v. What is the remainder when 15 is divided by n?
7
Suppose 40*h = 33*h + 280. What is the remainder when h is divided by 16?
8
Let q = -6 - -10. What is the remainder when 7 is divided by q?
3
Calculate the remainder when (668/(-8))/((-5)/10) is divided by 34.
31
Let j(s) = s**2 + 4. Let l be j(0). Suppose l*g - 78 = 70. Suppose 0 = -3*c - 3*a + 66, -a + 38 + 3 = 2*c. What is the remainder when g is divided by c?
18
Suppose 0 = p + 2*d - 11, -p + 0*d - 4 = -d. Let r = p - -1. Calculate the remainder when 4 is divided by r.
0
Let a = -47 - -109. Calculate the remainder when a is divided by -51*(-1)/3 + -1.
14
Suppose -4*g - 1 = -169. Calculate the remainder when g is divided by 5.
2
Let c(l) = l**3 - 4*l**2 + 4*l + 2. Calculate the remainder when c(4) is divided by 4.
2
Suppose -4 = -c + 1. Suppose 4*b + 30 = 2*z, -b + 21 = -4*z + c*z. Calculate the remainder when 54 is divided by z.
16
Let n = -9 + 14. Let x(f) = f**3 + f**2 + 40. Let h be x(0). Suppose 5*u - i - 47 = 0, -i = -4*u + i + h. Calculate the remainder when u is divided by n.
4
Let c(g) = -g. Let a(x) = -12*x - 1. Let r(u) = -a(u) + 3*c(u). What is the remainder when r(2) is divided by 7?
5
Let i(h) = h**